). Is (331/n)/((-5)/(23 + -3)) composite?
False
Let n be -3 + (14*8)/2. Let l = n - 50. Suppose 5*a + 361 = l*f - 2036, a = -f + 799. Is f composite?
True
Suppose 12*c + 3*m - 475867 = 8*c, 5*m - 356914 = -3*c. Is c composite?
True
Let h(u) = 18409*u - 2407. Is h(5) a prime number?
False
Suppose -3*k - 2451 = 3*o, 0 = 3*k - 4*k - 2*o - 819. Let x(y) = -18*y**3 - 7*y**2 + 8*y. Let p be x(4). Let n = k - p. Is n prime?
False
Let p(q) = -q - 14. Let k be p(-10). Let c be k/(-22)*-1 + 1020/(-561). Let u(z) = -1861*z - 15. Is u(c) a composite number?
True
Suppose -3*c + 3826 = 4*t, -4*t = -7*t + c + 2863. Suppose s = -3*g + t, 0 = s + 5*g - 0*g - 955. Is s a prime number?
False
Suppose 0 = 3*i - 21, 106*s - 3*i + 46646 = 111*s. Let r be -1*(2 - 1)*-2. Suppose -r*f + s = -7797. Is f a prime number?
False
Suppose 9*a - h - 1374461 = 0, 31774 = 4*a - 4*h - 579126. Is a a composite number?
False
Let g = 339 - 336. Suppose -4*r = g*m - 69589, -3*r + 2*r = -4*m + 92760. Is m a composite number?
True
Let h = 41472 + 1789. Is h composite?
False
Is (1 - 1/(-2))/((-1188)/(-562713624)) a composite number?
True
Suppose 66*h + 12*h = -0*h + 1903746. Is h prime?
True
Let d(p) = 3959*p**2 - 170*p - 1043. Is d(-6) a composite number?
False
Let g be (-6)/10 + (-1)/(5/(-3793)). Suppose g - 105 = y + 5*w, 5*y + 5*w = 3305. Suppose 2*f - 609 = -5*r, 0 = 4*f + r - 564 - y. Is f a composite number?
False
Let b = -123 + 93. Let i be (-1)/3 + (-70)/b. Is (-91)/i*(-8 + 2 + 4) composite?
True
Let l(s) = 3147*s**2 - 24*s - 1. Is l(-8) a prime number?
True
Let c be 8 + (-8)/2 + 4. Let w(h) be the second derivative of 131*h**3/3 - h**2/2 - 19*h. Is w(c) a prime number?
False
Suppose 0 = 5*u - 10*u + 20. Suppose 3*q - 37 = -q - 3*b, -u*q = b - 39. Is (q + -4)/3 + 116 a composite number?
True
Suppose 4*u - 34 = 5*d + 42, 2*u + 3*d - 16 = 0. Suppose -4*t = -4*w + 6220, -9*t + u*t - 3096 = -2*w. Is w a prime number?
True
Let q = -962 + 544. Let j = q - -791. Is j a composite number?
False
Let q(t) = -97821*t - 53. Is q(-4) a prime number?
True
Suppose -2*u + 6537 - 369 = -3*h, -4*u + 6168 = -3*h. Is (-1 - 1)/(16/h) a composite number?
False
Let g = -2348 - -4001. Suppose -2*h = -w + 1657, -3*h + 5*h = -w + g. Is w composite?
True
Let m = -6085 + 13040. Suppose 5*d + 2*k - 17371 = 0, -8*d + 3*k = -10*d + m. Is d a prime number?
False
Suppose 172*d - 35901978 = -74*d. Is d a composite number?
True
Suppose 47 = -2*g + 5*y + 58, 0 = 2*g - 3*y - 9. Let q(m) = m**2 - 10*m + 12. Let k be q(9). Is (3046/(-4))/(g*k/(-18)) a prime number?
True
Is ((-212698020)/(-117))/4 + 404/7878 a composite number?
False
Is 372/8*(-43122)/(-9) prime?
False
Let u = 42 + -44. Let z(i) = -1001*i**2 - i - 3. Let b be z(u). Let s = -728 - b. Is s prime?
False
Let d(g) = g**2 + 9*g + 17. Let q be d(-8). Let o be q/6*(-1760)/(-33). Let u = o - -727. Is u composite?
True
Suppose -15*h + 45175 = -135380. Is h a composite number?
False
Let i(c) = -2*c + 27. Let j be i(6). Let v(q) = 5 - 5 + q**3 - 3*q + j*q**2 - 4. Is v(-7) a composite number?
False
Let w(n) = -2558*n - 847. Is w(-58) composite?
False
Let s be -3*(-16)/(-36)*-3. Suppose 2*x + 4169 = -5*o - 4146, 2*o + s*x = -3326. Let v = -942 - o. Is v a composite number?
True
Let l(m) = m**3 - m**2 - 2. Let z be l(2). Suppose v - 4*q = 603, 1161 = 2*v + z*q - q. Is v composite?
True
Let b(c) = 14*c**2 + 39*c + 51*c - 103*c + 22. Let p be b(-12). Let o = p + -315. Is o a prime number?
True
Is 6*(-120)/144 + 0 + 67960 composite?
True
Let o be 33/(-22) + 3*(-1)/(-6). Let x = -14 + 8. Is (1 + o)/(4 + x) - -179 a prime number?
True
Let g be (-1 - -3)/(-4 - -2) - -3. Suppose 3 = -g*x - 1. Is (-8)/(-4)*(-1361)/x a composite number?
False
Let l(n) = 96*n**2 + 6*n + 9. Let q = -97 + 93. Let u be l(q). Suppose -4*o - 3*y = -1214, 5*o + y - u = -y. Is o a composite number?
True
Let d(w) = -124552*w + 5010. Is d(-4) composite?
True
Suppose 0 = -5*z - 2 + 22. Suppose 0 = -z*k - k + 15. Is (k - 2)*(150 - 1) a composite number?
False
Let h(v) = v**3 - 6*v**2 + 30*v - 34. Let g be (-2*1 - -1)*(-21 - -6). Is h(g) prime?
True
Suppose 34*q = 30*q - 5*a + 1283161, -a - 320797 = -q. Is q composite?
True
Let h(v) = 6840*v**2 + 4*v + 7. Is h(-2) prime?
False
Let h be 3188*9/54*1*3. Suppose 443 = 7*y - h. Is y prime?
False
Let x(h) = 185*h + 1. Suppose 5*k - 4 = -2*j, -7 = -4*k + 4*j + 13. Is x(k) a composite number?
True
Suppose 3*f - k = 8, k = 5*f + 5*k - 36. Suppose 0 = -4*b - 0*b + 3*r + 17665, -5*b + 22081 = -f*r. Is b a composite number?
True
Suppose -25 = -2*j + j - b, 4*j - 96 = -3*b. Suppose 2*n + n - 5*z - 98 = 0, 4*z = -16. Suppose j*c = n*c - 65. Is c prime?
True
Let d(i) = i**2 + i - 3. Let x be d(-3). Suppose 69*m - 438 = -119 + 95. Suppose -8 = -4*g, m*u = x*u + g + 6367. Is u a prime number?
False
Suppose 0 = -273*h + 274*h - 19. Is 2 + (8 - h)*-1279 prime?
True
Suppose 15 = 3*n + t + 4*t, n - t = 13. Is n - 14 - -366*(0 - -3) prime?
False
Suppose -4*q + s + 65 = 0, -5*q - 6*s = -s - 50. Suppose -q*r - 12*r + 8937 = 0. Is r a prime number?
True
Let m(y) = y. Let p(f) = 19*f - 43. Let g(r) = 2*m(r) + p(r). Is g(16) composite?
False
Suppose 7*j + 2905 = -1106. Suppose -4*u = 153 + 143. Let q = u - j. Is q a prime number?
True
Suppose -7*u + 15*u - 32 = 0. Suppose u*f - 3411 = -8*a + 3*a, -12 = -4*a. Let q = f + -584. Is q composite?
True
Let a(r) = 2*r**2 - 4*r + 3. Let h be a(2). Suppose -22 + 7 = -2*z - h*t, 2*z = 2*t + 20. Is z/(-36) - 1786/(-8) a composite number?
False
Let c(u) = -851*u**3 + 22*u**2 + 46*u + 161. Is c(-10) a prime number?
False
Suppose -6*q + 18 = -30. Suppose -5*a + 4*y = -q, -3*a + 4*y = a - 4. Suppose 408 = a*s + w - 65, 5*s + 4*w = 594. Is s a composite number?
True
Suppose 0 = u + 3*j - 77038 - 90618, 5*u = -2*j + 838254. Suppose 6*i - 69344 - u = 0. Is i composite?
False
Suppose -2*k - 2*g + 278978 = -5*g, -5*k - 9*g = -697379. Is k a prime number?
True
Suppose 102889 = -2*m + h + 274218, 8*m - h - 685295 = 0. Is m a composite number?
False
Is ((-132)/(-264))/((3 + -1)/247004) a composite number?
False
Is (4361073/8)/3 + (-51)/136 composite?
False
Let x = 30 + 18. Let k = x + -47. Is (-1395)/(-2) + (k - (-1)/2) a composite number?
True
Suppose 3*z - 30986 = -5*n - 6141, -2*n = -3*z + 24859. Suppose g - 6686 = z. Is g a prime number?
False
Let l = -196 + 196. Suppose 30*a - 31*a - 3*m + 3663 = l, -3*a + 10997 = 5*m. Is a a composite number?
True
Let u = 1328 - 1326. Suppose 3*m + 25 = 3*t - m, 3*t + 4*m + 7 = 0. Suppose u*c + 0*c + 3*s = 87, -t*s - 66 = -c. Is c composite?
True
Suppose 5*s + 154661 = 6*s + 2*j, 0 = 2*s - 3*j - 309301. Is s prime?
False
Let a = -86239 + 174293. Is a composite?
True
Let a be 1/(-4) - (-77100560)/320. Suppose 18*x - a = -23661. Is x composite?
False
Suppose 3*q - 246 = -33. Suppose -3*y - q - 20 = 2*r, 113 = -4*y - r. Is (-6)/(-4)*(-666)/y a prime number?
True
Let y(t) = 3184*t**2 + 56*t + 41. Is y(-6) prime?
True
Suppose -4*g - 36 = -5*z - 5, 3 = -3*z - 3*g. Suppose z*o - 5*x - 5 = 0, o + 2*o - 4*x - 7 = 0. Suppose -14312 = -3*f - o*q + 6*q, 4 = 4*q. Is f composite?
True
Let v(y) = 13871*y**2 + y - 1. Let o be v(1). Suppose 0 = 5*m - 18*m + o. Is m a composite number?
True
Let y be (-211)/(-11) + -4 + (-2)/11. Let b(z) = -z**3 - 2*z**2 + y - z**2 - 2*z - 2 + z**2. Is b(-8) a prime number?
False
Let n(k) be the second derivative of -k**5/20 - k**4/4 + k**3/3 + 2*k**2 + 21*k. Let w be n(-4). Suppose 7*j - w*j = -6410. Is j prime?
False
Let p(i) = 295*i - 71. Let g be p(23). Let h = g + -2975. Is h composite?
False
Let o(k) = k**3 - 9*k**2 + 8*k - 4. Let d be o(8). Let a be (-659568)/(-286) + d/22 + 0. Suppose -b - 375 + a = 2*n, 5*n = 0. Is b prime?
True
Suppose 420 = 4*b + 4*o, 0 = -b - 3*o + 154 - 47. Suppose 22*y - 18*y - b = 0. Is y a composite number?
True
Suppose -3*w + 11117 = -64552. Is w a composite number?
True
Let y(q) = -368*q - 1161. Is y(-83) composite?
False
Suppose 8 = -4*n, 4 = 3*f - 0*n - 2*n. Suppose -2*a - 10 + 14 = f. Is (6/(-30)*-5)/(a/3178) a composite number?
True
Let y = 33 + 34. Let d = y - 49. Suppose -d*t = -13*t - 1445. Is t prime?
False
Let c(l) = -622*l + 25. Let s(f) = -623*f + 26. Let x(h) = 3*c(h) - 2*s(h). Is x(-4) prime?
True
Let o = 58 - 56. Suppose -2*v - 1680 = -2*g + 5158